ate the remainder when 7264172 is divided by 29.
20
Calculate the remainder when 285758 is divided by 5600.
158
What is the remainder when 10311680 is divided by 2062327?
45
Calculate the remainder when 6554556 is divided by 728281.
27
What is the remainder when 783288 is divided by 71184?
264
Calculate the remainder when 29073 is divided by 7219.
197
What is the remainder when 77150695 is divided by 1358?
1357
Calculate the remainder when 1433485 is divided by 171.
163
Calculate the remainder when 2961904 is divided by 592379.
9
What is the remainder when 1557565 is divided by 17116?
9
Calculate the remainder when 7674584 is divided by 294.
8
Calculate the remainder when 149762 is divided by 73893.
1976
What is the remainder when 25364661 is divided by 8454852?
105
What is the remainder when 192090 is divided by 64000?
90
Calculate the remainder when 1749552 is divided by 83305.
147
What is the remainder when 8886 is divided by 1475?
36
Calculate the remainder when 164000 is divided by 954.
866
What is the remainder when 170825 is divided by 42702?
17
What is the remainder when 49898047 is divided by 24949019?
9
What is the remainder when 264878 is divided by 66168?
206
Calculate the remainder when 458731112 is divided by 229365551.
10
Calculate the remainder when 565746 is divided by 4442.
1612
What is the remainder when 1221972 is divided by 2444?
2416
What is the remainder when 10689462 is divided by 411133?
4
What is the remainder when 309023 is divided by 4052?
1071
Calculate the remainder when 9302720 is divided by 731.
14
What is the remainder when 185223 is divided by 158?
47
Calculate the remainder when 249807 is divided by 3569.
3546
What is the remainder when 868858 is divided by 50?
8
Calculate the remainder when 33809944 is divided by 58.
4
What is the remainder when 287208 is divided by 57272?
848
What is the remainder when 2291907 is divided by 127207?
2181
Calculate the remainder when 217339618 is divided by 10106.
10088
What is the remainder when 824139 is divided by 275?
239
Calculate the remainder when 1061149 is divided by 185.
174
Calculate the remainder when 6382 is divided by 312.
142
What is the remainder when 2321472 is divided by 8005?
22
What is the remainder when 78159836 is divided by 39079913?
10
What is the remainder when 2731037 is divided by 520?
517
What is the remainder when 1042357 is divided by 94758?
19
What is the remainder when 2129 is divided by 436?
385
Calculate the remainder when 21234245 is divided by 4868.
29
What is the remainder when 278572 is divided by 1817?
571
Calculate the remainder when 2756695 is divided by 61259.
40
Calculate the remainder when 6200427 is divided by 767.
766
What is the remainder when 3721597 is divided by 6340?
17
What is the remainder when 109205684 is divided by 555?
554
What is the remainder when 127525 is divided by 31742?
557
What is the remainder when 627732 is divided by 1241?
1027
Calculate the remainder when 7730788 is divided by 66.
10
What is the remainder when 22064358 is divided by 184?
182
Calculate the remainder when 484593 is divided by 96737.
908
What is the remainder when 89049 is divided by 16229?
7904
What is the remainder when 666318120 is divided by 2797?
2795
What is the remainder when 559748 is divided by 8112?
20
Calculate the remainder when 2262006 is divided by 989.
163
What is the remainder when 59090 is divided by 28011?
3068
What is the remainder when 51989 is divided by 51980?
9
What is the remainder when 5506583 is divided by 1201?
1199
Calculate the remainder when 25806596 is divided by 4309.
4304
What is the remainder when 8532323 is divided by 6?
5
Calculate the remainder when 182665 is divided by 571.
516
What is the remainder when 4464582 is divided by 2?
0
Calculate the remainder when 768628 is divided by 28353.
3097
What is the remainder when 16019853 is divided by 12624?
12621
Calculate the remainder when 75344233 is divided by 22.
19
What is the remainder when 6956479 is divided by 632405?
24
What is the remainder when 104640 is divided by 4893?
1887
What is the remainder when 159211 is divided by 39649?
615
What is the remainder when 1098058 is divided by 19607?
66
What is the remainder when 2916535 is divided by 583291?
80
Calculate the remainder when 7925032 is divided by 108.
100
What is the remainder when 483375 is divided by 3855?
1500
Calculate the remainder when 334029 is divided by 552.
69
What is the remainder when 337527 is divided by 288?
279
Calculate the remainder when 79172 is divided by 2258.
142
What is the remainder when 19125 is divided by 15365?
3760
Calculate the remainder when 2411236 is divided by 65.
61
What is the remainder when 99597 is divided by 3063?
1581
Calculate the remainder when 1885777 is divided by 1815.
1807
Calculate the remainder when 605486 is divided by 79.
30
Calculate the remainder when 17806 is divided by 3233.
1641
What is the remainder when 118588 is divided by 16835?
743
What is the remainder when 74286198 is divided by 200?
198
Calculate the remainder when 189771183 is divided by 63257054.
21
What is the remainder when 650568 is divided by 5757?
27
Calculate the remainder when 105539413 is divided by 8.
5
What is the remainder when 93698 is divided by 1121?
655
What is the remainder when 174940 is divided by 4774?
3076
What is the remainder when 3581279 is divided by 337?
317
Calculate the remainder when 323429047 is divided by 80857259.
11
What is the remainder when 1186666 is divided by 395466?
268
Calculate the remainder when 1173622 is divided by 692.
682
What is the remainder when 121050 is divided by 15119?
98
What is the remainder when 677410 is divided by 522?
376
Calculate the remainder when 2793972 is divided by 196.
188
What is the remainder when 7087223 is divided by 2362377?
92
Calculate the remainder when 95520 is divided by 765.
660
Calculate the remainder when 647522 is divided by 340.
162
Calculate the remainder when 233991 is divided by 57112.
5543
Calculate the remainder when 13921443 is divided by 1392144.
3
What is the remainder when 682050 is divided by 48716?
26
What is the remainder when 19520 is divided by 5261?
3737
Calculate the remainder when 20813 is divided by 20794.
19
Calculate the remainder when 394485 is divided by 278.
3
Calculate the remainder when 128198 is divided by 9861.
5
Calculate the remainder when 53413119 is divided by 962.
955
Calculate the remainder when 22384926 is divided by 22.
14
What is the remainder when 1870397 is divided by 372?
353
What is the remainder when 2873192 is divided by 957068?
1988
What is the remainder when 3316978 is divided by 30?
28
Calculate the remainder when 1967617 is divided by 1689.
1621
Calculate the remainder when 414279 is divided by 34518.
63
What is the remainder when 78048 is divided by 364?
152
What is the remainder when 26682750 is divided by 206843?
3
What is the remainder when 1040358 is divided by 208067?
23
Calculate the remainder when 1174113 is divided by 195685.
3
Calculate the remainder when 3702325 is divided by 2073.
2020
What is the remainder when 371095 is divided by 3638?
19
Calculate the remainder when 11009 is divided by 197.
174
Calculate the remainder when 618105 is divided by 6646.
27
Calculate the remainder when 5985783 is divided by 1105.
1103
What is the remainder when 3324910 is divided by 506?
490
Calculate the remainder when 1926511 is divided by 23784.
7
What is the remainder when 31553825 is divided by 43?
38
What is the remainder when 16402 is divided by 31?
3
What is the remainder when 10905346 is divided by 449?
34
Calculate the remainder when 2519341 is divided by 359903.
20
Calculate the remainder when 18354626 is divided by 792.
26
What is the remainder when 242780 is divided by 44?
32
Calculate the remainder when 6680795 is divided by 2129.
2122
What is the remainder when 80320 is divided by 1207?
658
Calculate the remainder when 918622 is divided by 29.
18
What is the remainder when 55839 is divided by 9711?
7284
What is the remainder when 1669059 is divided by 488?
99
Calculate the remainder when 10204 is divided by 3151.
751
Calculate the remainder when 30134 is divided by 471.
461
What is the remainder when 186992 is divided by 93472?
48
What is the remainde